 204829?
257
Calculate the greatest common factor of 18 and 4545.
9
What is the greatest common divisor of 2924 and 6794?
86
Calculate the highest common divisor of 30 and 6770.
10
Calculate the highest common divisor of 15 and 132135.
15
What is the greatest common factor of 506 and 1293842?
506
Calculate the highest common divisor of 107142 and 210.
42
What is the highest common divisor of 25905 and 17741?
157
Calculate the greatest common divisor of 1284248 and 112.
56
What is the highest common factor of 14403904 and 64?
64
What is the greatest common divisor of 5810 and 18030?
10
What is the greatest common divisor of 14 and 2482970?
14
Calculate the highest common factor of 143757 and 27.
9
What is the greatest common factor of 750 and 13410?
30
Calculate the highest common divisor of 756062 and 214.
214
What is the greatest common divisor of 1720 and 8815?
215
Calculate the highest common divisor of 38802 and 52182.
1338
What is the greatest common factor of 157105 and 65?
65
Calculate the greatest common factor of 459 and 427788.
459
What is the highest common factor of 9187801 and 7?
7
Calculate the greatest common divisor of 1839 and 3383760.
1839
Calculate the greatest common divisor of 4640 and 880.
80
Calculate the greatest common divisor of 33793 and 564.
47
What is the highest common divisor of 8769 and 2997?
111
Calculate the highest common divisor of 32 and 11744.
32
What is the greatest common divisor of 723 and 243?
3
What is the highest common divisor of 34189 and 573?
191
Calculate the greatest common divisor of 38934 and 824.
206
What is the greatest common factor of 430 and 1270994?
86
What is the highest common divisor of 4000 and 1440?
160
Calculate the greatest common divisor of 1999410 and 546.
42
What is the greatest common factor of 95800 and 14200?
200
What is the highest common divisor of 1440 and 1024?
32
What is the greatest common divisor of 92430 and 158?
158
Calculate the highest common divisor of 168 and 3641232.
168
Calculate the greatest common divisor of 47 and 277.
1
What is the highest common factor of 7535 and 88?
11
Calculate the highest common factor of 972 and 87948.
36
Calculate the highest common factor of 9810 and 720.
90
What is the highest common divisor of 1673 and 14579?
239
Calculate the greatest common divisor of 262942 and 124.
62
What is the highest common divisor of 2032 and 9520?
16
What is the greatest common divisor of 6294 and 12?
6
Calculate the highest common divisor of 264 and 931656.
264
What is the highest common factor of 4372 and 64?
4
Calculate the greatest common factor of 52 and 615407.
13
What is the greatest common divisor of 12160 and 11780?
380
What is the highest common factor of 28953 and 63?
9
What is the greatest common divisor of 309191 and 3029?
233
What is the highest common divisor of 5684 and 106981?
203
What is the greatest common divisor of 46845 and 30?
15
What is the greatest common factor of 2432 and 526376?
152
What is the highest common factor of 3462 and 4386?
6
What is the highest common divisor of 2021070 and 30?
30
What is the greatest common divisor of 1885000 and 29?
29
What is the greatest common factor of 547 and 286081?
547
Calculate the greatest common factor of 10 and 278840.
10
Calculate the highest common factor of 803 and 682.
11
What is the greatest common factor of 10 and 12055?
5
What is the greatest common factor of 3388 and 110?
22
Calculate the greatest common factor of 2947 and 9688.
7
Calculate the highest common divisor of 342 and 127794.
114
What is the highest common factor of 3 and 35013?
3
Calculate the highest common factor of 252 and 75132.
36
Calculate the greatest common divisor of 128 and 5503104.
128
What is the highest common factor of 63 and 21259?
7
Calculate the greatest common factor of 847555 and 21905.
1685
Calculate the highest common divisor of 784 and 432152.
56
What is the greatest common divisor of 941032 and 287?
41
Calculate the highest common divisor of 30361035 and 345.
345
Calculate the greatest common factor of 98118 and 17802.
414
What is the highest common divisor of 176 and 52943?
11
Calculate the highest common divisor of 699372 and 396.
36
What is the greatest common divisor of 2530 and 2390?
10
What is the greatest common factor of 171348 and 327?
327
Calculate the highest common factor of 1680099 and 1686.
843
What is the highest common factor of 963 and 18?
9
Calculate the highest common divisor of 148 and 20794.
74
What is the highest common factor of 4683 and 147?
21
Calculate the highest common factor of 1152 and 69632.
128
Calculate the highest common divisor of 2048 and 82.
2
What is the highest common divisor of 183629 and 329?
47
Calculate the greatest common factor of 113460 and 744.
372
What is the highest common factor of 115356 and 32?
4
Calculate the highest common factor of 2999039 and 1909.
1909
What is the highest common factor of 2398 and 22634722?
2398
What is the greatest common factor of 232 and 121616?
8
Calculate the greatest common factor of 2739 and 243273.
249
Calculate the greatest common divisor of 189 and 26757.
27
What is the greatest common factor of 220271 and 183?
61
What is the highest common divisor of 18997 and 3872?
121
Calculate the highest common divisor of 5513 and 10430.
149
Calculate the greatest common factor of 2984 and 18547052.
1492
What is the greatest common factor of 72 and 46248?
24
Calculate the greatest common factor of 533 and 24427.
13
Calculate the greatest common factor of 44 and 3620.
4
Calculate the greatest common divisor of 12065 and 46355.
635
Calculate the highest common factor of 81920 and 1152.
128
Calculate the greatest common divisor of 560042 and 1526.
1526
What is the greatest common divisor of 153 and 74322?
9
Calculate the highest common divisor of 2184 and 2058.
42
Calculate the highest common factor of 14 and 3262.
14
What is the highest common divisor of 202272 and 15136?
1376
What is the highest common factor of 327785 and 45?
5
Calculate the highest common divisor of 861469 and 49.
49
Calculate the greatest common divisor of 5332 and 8804.
124
What is the highest common factor of 17150 and 35?
35
What is the greatest common factor of 490172 and 620?
124
Calculate the greatest common divisor of 33 and 3842927.
11
What is the greatest common divisor of 505862 and 28?
14
What is the greatest common factor of 77830 and 17630?
430
What is the greatest common factor of 1217541 and 429?
39
What is the highest common divisor of 91027 and 227?
227
What is the highest common divisor of 360 and 106440?
120
What is the highest common divisor of 253776 and 22848?
816
Calculate the greatest common factor of 2575 and 1850.
25
What is the highest common factor of 219084 and 12?
12
What is the greatest common divisor of 147464 and 16?
8
What is the highest common factor of 1368 and 456?
456
What is the highest common divisor of 18962 and 418?
38
What is the greatest common divisor of 32809 and 9632?
301
Calculate the greatest common divisor of 6 and 1622.
2
Calculate the greatest common factor of 197487 and 18.
9
Calculate the greatest common divisor of 13 and 25675.
13
What is the greatest common divisor of 141442 and 56?
14
What is the greatest common factor of 46710 and 630?
90
Calculate the greatest common divisor of 224 and 157472.
224
What is the highest common divisor of 90 and 2161590?
30
What is the greatest common divisor of 1730893 and 1137?
379
What is the highest common factor of 83099 and 46?
23
Calculate the highest common factor of 75 and 495450.
75
What is the highest common divisor of 2417538 and 6?
6
Calculate the greatest common divisor of 677571 and 402.
201
What is the highest common factor of 105 and 168?
21
What is the highest common divisor of 993 and 4303?
331
What is the greatest common factor of 6797473 and 349?
349
What is the greatest common factor of 71299 and 328?
41
What is the greatest common factor of 72 and 41832?
72
What is the greatest common factor of 133014 and 1806?
42
What is the greatest common factor of 384 and 104640?
192
Calculate the greatest common divisor of 77 and 360239.
11
What is the highest common factor of 34515 and 10?
5
Calculate the greatest common factor of 19872 and 17712.
432